{"id":8938,"date":"2019-05-30T20:54:20","date_gmt":"2019-05-30T20:54:20","guid":{"rendered":"http:\/\/site.ruralmaxseguros.com.br\/?post_type=product&#038;p=8938"},"modified":"2022-05-31T12:07:05","modified_gmt":"2022-05-31T12:07:05","slug":"benfeitorias-rurais","status":"publish","type":"product","link":"https:\/\/www.ruralmaxseguros.com.br\/index.php\/product\/benfeitorias-rurais\/","title":{"rendered":"Benfeitorias Rurais"},"content":{"rendered":"<p><strong>Descri\u00e7\u00e3o do Produto<\/strong><\/p>\n<p><strong>Seguro Benfeitorias Rurais<\/strong><\/p>\n<ul>\n<li>Desenvolvido para atender as necessidades e garantir a tranquilidade do Produtor Rural, possibilita que em uma \u00fanica ap\u00f3lice sejam seguradas v\u00e1rias benfeitorias, tornando a contrata\u00e7\u00e3o mais simples e f\u00e1cil<strong>.<\/strong><\/li>\n<\/ul>\n<p><strong>SEGURO SEM BUROCRACIA<\/strong>.<\/p>\n<ul>\n<li>Sua contrata\u00e7\u00e3o \u00e9 simples, est\u00e1 dispon\u00edvel em praticamente todo territ\u00f3rio nacional.<\/li>\n<\/ul>\n<p><strong>COBERTURAS:<\/strong><\/p>\n<ul>\n<li>As coberturas podem variar dependendo da disponibilidade da seguradora<\/li>\n<\/ul>\n<p>BASICA (Obrigat\u00f3ria)<\/p>\n<ul>\n<li>Inc\u00eandio \/ Queda de Raio (Dentro do Local Segurado) \/ Explos\u00e3o<\/li>\n<\/ul>\n<p>COBERTURAS ADICIONAIS (Opcionais).<\/p>\n<ul>\n<li>Vendaval \/ Granizo \/ Fuma\u00e7a<\/li>\n<li>Danos El\u00e9tricos<\/li>\n<li>Roubo e Furto Mediante Arrombamento<\/li>\n<li>Alagamento<\/li>\n<li>Despesas Fixas<\/li>\n<li>Lucros Cessantes<\/li>\n<li>Responsabilidade Civil \u2013 Explora\u00e7\u00e3o Agr\u00edcola<\/li>\n<li>Responsabilidade Civil \u2013 Fuga de Animais<\/li>\n<\/ul>\n<p><strong>FRANQUIA:<\/strong><\/p>\n<ul>\n<li>Definida pelo segurado e disponibilidade da seguradora<\/li>\n<\/ul>\n<p><strong>CAR\u00caNCIA:<\/strong><\/p>\n<ul>\n<li>At\u00e9 que seja realizada a vistoria pr\u00e9via<\/li>\n<\/ul>\n<p><strong>CRIT\u00c9RIOS\u00a0PARA ACEITA\u00c7\u00c3O DO RISCO PELA SEGURADORA:<\/strong><\/p>\n<ul>\n<li>Obrigat\u00f3rio envio da planilha preenchida (anexo no site) com as informa\u00e7\u00f5es necess\u00e1rias, croqui,\u00a0roteiro de acesso\u00a0e coordenadas geogr\u00e1ficas em graus minutos e segundos<\/li>\n<li>Todas benfeitorias do mesmo produtor na mesma propriedade dever\u00e1 ser contratada sob pena de rateio<\/li>\n<\/ul>\n<p><strong>CL\u00c1USULA BENEFICI\u00c1RIA:<\/strong><\/p>\n<ul>\n<li>No caso de revendas e cooperativas ou institui\u00e7\u00f5es bancarias que financiam a benfeitoria aos produtores rurais, h\u00e1 a possibilidade de incluir cl\u00e1usula benefici\u00e1ria em seu favor na ap\u00f3lice.<\/li>\n<\/ul>\n","protected":false},"excerpt":{"rendered":"[maxbutton id=\"1\" url=\"<a href=\"http:\/\/site.ruralmaxseguros.com.br\/index.php\/orcamento-de-benfeitorias\/\">http:\/\/site.ruralmaxseguros.com.br\/index.php\/orcamento\/<\/a>\" ]\n","protected":false},"featured_media":9193,"comment_status":"open","ping_status":"closed","template":"","meta":[],"_links":{"self":[{"href":"https:\/\/www.ruralmaxseguros.com.br\/index.php\/wp-json\/wp\/v2\/product\/8938"}],"collection":[{"href":"https:\/\/www.ruralmaxseguros.com.br\/index.php\/wp-json\/wp\/v2\/product"}],"about":[{"href":"https:\/\/www.ruralmaxseguros.com.br\/index.php\/wp-json\/wp\/v2\/types\/product"}],"replies":[{"embeddable":true,"href":"https:\/\/www.ruralmaxseguros.com.br\/index.php\/wp-json\/wp\/v2\/comments?post=8938"}],"wp:featuredmedia":[{"embeddable":true,"href":"https:\/\/www.ruralmaxseguros.com.br\/index.php\/wp-json\/wp\/v2\/media\/9193"}],"wp:attachment":[{"href":"https:\/\/www.ruralmaxseguros.com.br\/index.php\/wp-json\/wp\/v2\/media?parent=8938"}],"curies":[{"name":"wp","href":"https:\/\/api.w.org\/{rel}","templated":true}]}}