{"id":8901,"date":"2019-04-30T17:41:35","date_gmt":"2019-04-30T17:41:35","guid":{"rendered":"http:\/\/site.ruralmaxseguros.com.br\/?page_id=8901"},"modified":"2022-06-07T13:59:03","modified_gmt":"2022-06-07T13:59:03","slug":"sinistro","status":"publish","type":"page","link":"https:\/\/www.ruralmaxseguros.com.br\/index.php\/sinistro\/","title":{"rendered":"Sinistro"},"content":{"rendered":"<p>[vc_row][vc_column width=&#8221;1\/2&#8243;][vc_empty_space][vc_custom_heading text=&#8221;Informe seu sinistro para a RURALMAX&#8221; use_theme_fonts=&#8221;yes&#8221;][vc_column_text]Envie uma mensagem para nossa equipe pelo formul\u00e1rio ao lado que retornaremos para sanar quaisquer d\u00favidas sobre nossos servi\u00e7os.[\/vc_column_text]\n<div id=\"divider-vtnCgZd7Tl\" class=\"sh-divider sh-divider- sh-divider-content-none\">\n\t\t\t<div class=\"sh-divider-line\"><\/div>\n\t<\/div>\n            <style type=\"text\/css\">\n                #divider-vtnCgZd7Tl {}#divider-vtnCgZd7Tl.sh-divider-content-none .sh-divider-line {border-top-width: 1px;border-top-style: solid;}            <\/style>\n        [vc_empty_space height=&#8221;20px&#8221;][vc_custom_heading text=&#8221;Nossa Empresa&#8221; use_theme_fonts=&#8221;yes&#8221;][vc_column_text]<strong>Escrit\u00f3rio: <\/strong>Rua Carlos Bertinelli, 11 &#8211; Centro &#8211; Marialva\/Pr &#8211; CEP: 86990-000<\/p>\n<p><strong>Telefones:<\/strong>(44) 3232-4344 e (44) 9.9811-7875<\/p>\n<p><strong>E-mail:<\/strong> contato@ruralmaxseguros.com.br[\/vc_column_text][vc_custom_heading text=&#8221;Nossa Filial&#8221; use_theme_fonts=&#8221;yes&#8221;][vc_column_text]<strong>Escrit\u00f3rio: <\/strong>Rua Afonso Pena, 550- Centro-Prudent\u00f3polis\/PR- CEP: 84400-000<\/p>\n<p><strong>Telefones: <\/strong>(42) 99812-9554<\/p>\n<p><strong>E-mail:<\/strong> filialprudentopolis@ruralmaxseguros.com.br[\/vc_column_text]\n<div id=\"divider-xAsgIC3JM0\" class=\"sh-divider sh-divider- sh-divider-content-none\">\n\t\t\t<div class=\"sh-divider-line\"><\/div>\n\t<\/div>\n            <style type=\"text\/css\">\n                #divider-xAsgIC3JM0 {}#divider-xAsgIC3JM0.sh-divider-content-none .sh-divider-line {border-top-width: 1px;border-top-style: solid;}            <\/style>\n        [vc_empty_space height=&#8221;20px&#8221;][vc_custom_heading text=&#8221;Hor\u00e1rio de Atendimento&#8221; use_theme_fonts=&#8221;yes&#8221;][vc_column_text]Seg-Sex &#8211; 8h00 \u00e0s 18h[\/vc_column_text][\/vc_column][vc_column width=&#8221;1\/2&#8243;][vc_empty_space][vc_column_text]<iframe loading=\"lazy\" src=\"https:\/\/docs.google.com\/forms\/d\/e\/1FAIpQLSeW-iXsaayGzZjAXu7Wjo_xSgz2ryJCiQc0Yby_rOAnNL3Qtw\/viewform?embedded=true\" width=\"640\" height=\"2007\" frameborder=\"0\" marginwidth=\"0\" marginheight=\"0\">Carregando\u2026<\/iframe>[\/vc_column_text][\/vc_column][\/vc_row]<\/p>\n","protected":false},"excerpt":{"rendered":"<p>[vc_row][vc_column width=&#8221;1\/2&#8243;][vc_empty_space][vc_custom_heading text=&#8221;Informe seu sinistro para a RURALMAX&#8221; use_theme_fonts=&#8221;yes&#8221;][vc_column_text]Envie uma mensagem para nossa equipe pelo formul\u00e1rio ao lado que retornaremos para sanar quaisquer d\u00favidas sobre nossos servi\u00e7os.[\/vc_column_text] [vc_empty_space height=&#8221;20px&#8221;][vc_custom_heading text=&#8221;Nossa Empresa&#8221; use_theme_fonts=&#8221;yes&#8221;][vc_column_text]Escrit\u00f3rio: Rua Carlos Bertinelli, 11 &#8211; Centro &#8211; Marialva\/Pr &#8211; CEP: 86990-000 Telefones:(44) 3232-4344&#8230;<\/p>\n","protected":false},"author":1,"featured_media":0,"parent":0,"menu_order":0,"comment_status":"closed","ping_status":"closed","template":"","meta":[],"_links":{"self":[{"href":"https:\/\/www.ruralmaxseguros.com.br\/index.php\/wp-json\/wp\/v2\/pages\/8901"}],"collection":[{"href":"https:\/\/www.ruralmaxseguros.com.br\/index.php\/wp-json\/wp\/v2\/pages"}],"about":[{"href":"https:\/\/www.ruralmaxseguros.com.br\/index.php\/wp-json\/wp\/v2\/types\/page"}],"author":[{"embeddable":true,"href":"https:\/\/www.ruralmaxseguros.com.br\/index.php\/wp-json\/wp\/v2\/users\/1"}],"replies":[{"embeddable":true,"href":"https:\/\/www.ruralmaxseguros.com.br\/index.php\/wp-json\/wp\/v2\/comments?post=8901"}],"version-history":[{"count":9,"href":"https:\/\/www.ruralmaxseguros.com.br\/index.php\/wp-json\/wp\/v2\/pages\/8901\/revisions"}],"predecessor-version":[{"id":9289,"href":"https:\/\/www.ruralmaxseguros.com.br\/index.php\/wp-json\/wp\/v2\/pages\/8901\/revisions\/9289"}],"wp:attachment":[{"href":"https:\/\/www.ruralmaxseguros.com.br\/index.php\/wp-json\/wp\/v2\/media?parent=8901"}],"curies":[{"name":"wp","href":"https:\/\/api.w.org\/{rel}","templated":true}]}}